ided by (64395/972)/((-10)/(-8)).
48
Let o(p) = p**3 - 13*p + 4. Let t be o(8). Let u = -390 + t. Calculate the remainder when 104 is divided by u.
16
Suppose -5*m - 2*r - 2*r + 196 = 0, 4*m + r - 159 = 0. Let q = 60 - m. Calculate the remainder when 39 is divided by q.
19
Let r be -14 - -12 - (0 - 4). Suppose -2*a + 94 = 2*z, -4*z + 7*a + 188 = r*a. Suppose 55*q = -438 + 1373. Calculate the remainder when z is divided by q.
13
Let s(r) = -r**3 - 12*r**2 - 12*r - 8. Let m be s(-11). Suppose 16 = m*i - 71. Let p = 324 - 239. What is the remainder when p is divided by i?
27
Let v(b) = -3313*b + 3320. Let w(t) = 2*t**2 + 2*t + 2. Calculate the remainder when w(5) is divided by v(1).
6
Let x = -81 + 119. Suppose 114 = 5*u - 2*d, 2*u + 5*d - 25 = x. Let m(b) = 11*b**2 + b - 1. What is the remainder when m(2) is divided by u?
21
Suppose 5*u = 4*c + 39, 3*c - 14 = 5*u - 57. Calculate the remainder when 1646 is divided by u.
7
Suppose -52*g + 27 + 25 = 0. What is the remainder when 89 is divided by (g + (-9)/6)/((-1)/98)?
40
Suppose 755 = 2*f + 735. What is the remainder when 1664 is divided by (-15)/f - (1170/(-12) - 2)?
96
Let n(o) = -2*o**3 + 7*o**2 + 11*o - 11. Let i be n(4). Let q = i - 3. What is the remainder when 62 is divided by q?
6
Let n = 1284 + -1272. What is the remainder when 3118 is divided by n?
10
Let z(f) = -f**3 - 6*f**2 + f - 19. Let r be z(-8). Suppose 29 = 13*l - r. Let c = 51 - 33. Calculate the remainder when c is divided by l.
8
Suppose 2*v + 36 = -2*v. Let f(c) = 5*c - 15. Let m(d) = -10*d + 31. Let h(u) = -7*f(u) - 3*m(u). Calculate the remainder when h(v) is divided by 15.
12
Suppose -3176 = -12*y + 2*x, -y + 424 = 2*x + 168. Let a = 146 - 79. What is the remainder when y is divided by a?
63
Let x = 634 + -365. Calculate the remainder when x is divided by -5 + (7106/357 - (195/(-63) + 3)).
14
Suppose -8*b + 6*b + 240 = -5*l, 355 = 3*b - 5*l. Suppose 34 = 2*m - 0*m + 4*n, 5*m + 4*n - b = 0. Calculate the remainder when 130 is divided by m.
22
Let j(h) = 145*h**3 - 3*h**2 + 1. Let y be j(1). What is the remainder when 43 is divided by y/9 + 5/45?
11
Let o(l) = -11*l**2 + 1109*l - 692. What is the remainder when 4367 is divided by o(100)?
207
Let f = -74 + 140. What is the remainder when f + -2 + -5 + 9 is divided by 22?
2
Calculate the remainder when 18/15 + -1 - ((-148190)/50 - -17) is divided by 30.
7
Let w be 1 - (22 + -23 + 10). Suppose u + 2 = 7. What is the remainder when 28 is divided by 1*(77/u + w/20)?
13
Let r = 433 + -249. Suppose -9*t + 80 + 24 = -229. What is the remainder when r is divided by t?
36
Suppose 567 = -21056*d + 21077*d. Suppose -7*h + 2*h = -15. Let j(x) = 6*x**2 - x. Calculate the remainder when j(h) is divided by d.
24
Let r = -99 + 102. Let j(k) = -k**3 + 3*k**2 + 5*k - 2. Let s be j(r). Calculate the remainder when 25/(0 - 5)*s/(-5) is divided by 4.
1
Suppose -2*i = 3*d - 60, -5*d + 105 = i + 89. Calculate the remainder when 110 is divided by i.
2
Let w(i) = i**3 + 15*i**2 - 13*i - 27. Let v be w(-16). Let m = v + 132. What is the remainder when m is divided by 17?
6
Let r(a) = a**2 - 91*a + 470. Suppose -g = 4*g - 385. What is the remainder when g is divided by r(5)?
37
Let j be (-4 + -1)*((-6723)/45)/9. Suppose 22 = 3*k - j. Calculate the remainder when k is divided by 18.
17
Let b(t) be the second derivative of 5*t**3/3 - 19*t**2 + 60*t. Calculate the remainder when 419 is divided by b(8).
41
Suppose 978 = 348*r - 344*r - 2*l, 0 = -5*l + 5. Calculate the remainder when r is divided by 40.
5
Suppose -10*j + 795 - 185 = 0. Let h = j + -56. Suppose -3*c - 67 = -5*s, s - h*c = -4*s + 75. What is the remainder when 63 is divided by s?
8
Let s(v) = 16*v**2 + 27*v + 73. Calculate the remainder when s(-5) is divided by 21.
2
Let b(f) = f**2 + 10*f + 15. Let y be b(-9). Suppose 5*s + 8 = -5*z + y*z, 4*z + 5*s = 7. Let w(o) = 4*o - 9. What is the remainder when 7 is divided by w(z)?
1
Suppose 5*w + 55 = 4*t, -3*w + 24 = -3*t + 69. Suppose t = 2*f - 38. Calculate the remainder when 81 is divided by f.
23
Suppose -9*q + 348 = 3*q. Let l = 35 - q. What is the remainder when 14 is divided by l?
2
Suppose -46*f = -5*z - 51*f + 210, 4*z + f - 162 = 0. Calculate the remainder when 673 is divided by z.
33
Let c(i) = -34*i + 8. Let h be c(1). Let m(s) = s**3 + 28*s**2 + 50*s + 64. What is the remainder when m(h) is divided by 30?
26
Suppose 2*c - 2017 = -z, 7*c - 4*z - 3053 = 4*c. Suppose -3*d = -1092 + c. What is the remainder when d is divided by 5?
2
Let n = 58 - 58. Let s be ((-5)/10)/(2/(-100) + n). Suppose -5*v + s = -55. Calculate the remainder when v is divided by 6.
4
Let i(q) be the third derivative of -q**5/60 - q**4/2 + 3*q**3 - q**2. Suppose -14*h + 53*h = -6*h - 540. What is the remainder when 107 is divided by i(h)?
17
Let f(d) = -9*d + 1665. Calculate the remainder when f(-24) is divided by 65.
61
Let n(q) = 13*q. Let j(o) = 17*o - 8. Let x be j(3). Suppose 0 = 9*i - x - 83. What is the remainder when n(3) is divided by i?
11
Suppose i - 91 = -4*n, -310 = 3*n + i - 378. What is the remainder when 227 is divided by n?
20
Let h be -4*3/((-36)/15). Suppose 0 = -2*p - h*f + 23, 3*p + 2*f - 1 = 17. Suppose 8*r - 36 = p*r. Calculate the remainder when 24 is divided by r.
6
Let b(f) = -f**3 - 10*f**2 - 10*f + 8. Let l(c) = -2*c**3 - 17*c**2 + 11*c + 9. Let u be l(-9). What is the remainder when b(u) is divided by 6?
5
What is the remainder when 948 is divided by 1044/6*3/6?
78
Suppose 0 = 4*s - 28, 2*l = -3*l - 3*s + 1156. Calculate the remainder when l is divided by (93/(-5) - -3)/((-4)/10).
32
Let r = 298 - 284. Suppose -r*o + 380 + 82 = 0. What is the remainder when 145 is divided by o?
13
Suppose -5*n = 216*h - 221*h - 110, 108 = 5*n - 4*h. Calculate the remainder when 830 is divided by n.
10
Suppose -17*l - 12 = -14*l, 0 = -5*j - 5*l + 5. Suppose -2*y + f + 2*f + 135 = 0, -215 = -4*y - j*f. What is the remainder when 235 is divided by y?
55
Let p = 222 + -219. Let w(y) = 31*y + 2. Let r(u) = -u**3 - 7*u**2 - 2*u + 7. What is the remainder when w(p) is divided by r(-7)?
11
Let y(d) = -34*d - 335. Let x be y(-10). Suppose 0 = 5*l + 5*g - 640, 7*l - 253 = 5*l - x*g. Calculate the remainder when l is divided by 28.
17
Suppose 14*u - 16*u = 0. Suppose u = p - 2*p + 5. What is the remainder when (p - 3) + (-3 - -30) is divided by 18?
11
Suppose -3*h + 2 = -h. Let i be (-5 + 1)/(h - 4/2). Suppose -6*s + 280 = i*c - 3*s, 0 = -4*c + 2*s + 280. What is the remainder when c is divided by 24?
22
Calculate the remainder when (-10 - -9)/((-20)/1368*(-2)/(-25)) is divided by 271.
42
Let a(z) = 10*z + 123. Let h be -2 - -1 - (3 + -7). What is the remainder when 2/(h/((-36)/(-2))) is divided by a(-12)?
0
Suppose -c = c + 3*l - 193, 2*l + 322 = 3*c. Suppose -5*h = -206 - c. Suppose 96*j = 87*j + 99. Calculate the remainder when h is divided by j.
7
Let x(j) = -j**2 - 14*j + 34. Let b be x(-16). Let f(i) = 134*i + 46. Calculate the remainder when f(b) is divided by 63.
62
Let r(p) = 4*p**2 - 22*p + 29. Calculate the remainder when 159 is divided by r(7).
17
Let q(t) = -t**2 + 34*t + 71. Let x = 341 + -309. What is the remainder when q(x) is divided by 37?
24
Suppose -2*m + 31 = -59. Let s be (-12)/10*m/18 - -35. Let d = 2 + s. Calculate the remainder when d is divided by 12.
10
Suppose 102*p = 108*p - 1392. Let z = 472 - 433. Calculate the remainder when p is divided by z.
37
Suppose -4*j - 56 = -8*j. Let a = 345 + -278. Suppose -4*l + 325 = -m, -6*m = -l - m + a. What is the remainder when l is divided by j?
12
Let b = -4912 + 5048. Calculate the remainder when b is divided by 14.
10
Let o(t) be the third derivative of -t**5/30 - 5*t**4/6 - 3*t**3/2 + 151*t**2. What is the remainder when o(-6) is divided by 10?
9
Suppose 617 + 3091 = -18*b. Let m = b - -264. What is the remainder when 127 is divided by m?
11
Let g = -102 + 152. Let z(a) = 44 - 12*a + 13 + a**2 - g + 32. Calculate the remainder when z(15) is divided by 22.
18
Suppose 55 = x - 2*p, -5*x + 8*x = -2*p + 189. What is the remainder when x is divided by 1?
0
Let u(q) be the first derivative of q**3/3 - 7*q**2/2 - 3*q - 36. What is the remainder when u(-7) is divided by 10?
5
Suppose 46 = -4*r - d, 4*r - 2*d + 0*d + 52 = 0. Let s(q) = -q**2 - 21*q - 9